{"id":16,"date":"2011-06-04T13:00:20","date_gmt":"2011-06-04T11:00:20","guid":{"rendered":"http:\/\/muriellebressoud.ch\/?page_id=16"},"modified":"2021-02-27T10:47:15","modified_gmt":"2021-02-27T08:47:15","slug":"mon-parcours","status":"publish","type":"page","link":"https:\/\/muriellebressoud.ch\/?page_id=16","title":{"rendered":"Mon parcours"},"content":{"rendered":"<p>Je suis fascin\u00e9e depuis mon plus jeune \u00e2ge par les nouveau-n\u00e9s et par tout ce qui a trait \u00e0 la maternit\u00e9. J\u2019ai choisi de devenir \u00e9ducatrice, puis de me sp\u00e9cialiser par la suite dans le domaine de la p\u00e9rinatalit\u00e9.<\/p>\n<p>Apr\u00e8s avoir obtenu mon <strong>dipl\u00f4me en p\u00e9dagogie curative clinique <\/strong>\u00e0 Fribourg en 1995, j\u2019ai travaill\u00e9 durant 15 ans \u00e0 la Fondation \u00ab Les Buissonnets \u00bb, aupr\u00e8s de jeunes enfants atteints de handicaps s\u00e9v\u00e8res. Cette riche exp\u00e9rience professionnelle m\u2019a notamment permis de d\u00e9velopper mon sens de l\u2019observation et la communication avec des personnes ne poss\u00e9dant pas de langage verbal. J&rsquo;ai eu l&rsquo;occasion de collaborer avec des parents et une \u00e9quipe pluridisciplinaire.<\/p>\n<p>En 1997 et en 2000, j\u2019ai r\u00e9alis\u00e9 mon plus grand r\u00eave, celui de devenir maman. Cette p\u00e9riode m\u2019a confront\u00e9e \u00e0 de grandes joies, mais \u00e9galement \u00e0 de grands d\u00e9fis. C\u2019est ainsi qu\u2019a germ\u00e9 en moi l\u2019id\u00e9e de proposer un service de soutien aux parents, apr\u00e8s la naissance de <span style=\"color: #333333;\">leur nouveau-n\u00e9.<\/span><\/p>\n<p>Je me suis mise \u00e0 offrir b\u00e9n\u00e9volement du temps \u00e0 des parents pour m\u2019occuper de leur b\u00e9b\u00e9 et\/ou de leurs fr\u00e8res et s\u0153urs pendant que la maman se reposait ou sortait quelques heures.<\/p>\n<p>En 2009, j\u2019ai commenc\u00e9 \u00e0 me former dans le domaine de la p\u00e9rinatalit\u00e9 en suivant diff\u00e9rentes formations\u00a0:<\/p>\n<ul>\n<li><strong>Formation \u00e0 l\u2019utilisation de l\u2019Echelle de Brazelton<\/strong> aupr\u00e8s de l\u2019Institut Brazelton \u00e0 Gen\u00e8ve (obtention de mon certificat en 2010).<\/li>\n<li><strong>Formation en massage pour b\u00e9b\u00e9<\/strong> aupr\u00e8s de l\u2019Association Suisse en massage pour b\u00e9b\u00e9 IAIM, \u00e0 Bienne (obtention de mon certificat d\u2019instructrice en 2015).<\/li>\n<li><strong>CAS (certificate of advanced studies) en p\u00e9rinatalit\u00e9 et petite enfance<\/strong> \u00e0 l\u2019Universit\u00e9 de Lausanne (obtention de mon certificat en 2018).<\/li>\n<\/ul>\n<p>Mes prestations sont devenues payantes, mais il me tient \u00e0 c\u0153ur que des parents avec des moyens financiers limit\u00e9s puissent \u00e9galement avoir acc\u00e8s \u00e0 mon offre, ce qui est possible gr\u00e2ce au soutien de Paysage Educatif pour les cours de massage en groupe et de Pro Juventute pour les visites de soutien.<\/p>\n<p>Cette activit\u00e9 ind\u00e9pendante, que j\u2019exerce \u00e0 c\u00f4t\u00e9 d\u2019un travail \u00e0 50% \u00e0 L\u2019Arche Fribourg, me remplit de joie. C\u2019est un privil\u00e8ge de pouvoir rencontrer des familles si diff\u00e9rentes les unes des autres et un \u00e9merveillement de d\u00e9couvrir le caract\u00e8re unique de chaque b\u00e9b\u00e9 et du lien qui l&rsquo;unit \u00e0 ses parents.<\/p>\n<p style=\"text-align: justify;\"><img loading=\"lazy\" decoding=\"async\" class=\"aligncenter wp-image-668 size-thumbnail\" src=\"http:\/\/muriellebressoud.ch\/wp-content\/uploads\/2019\/12\/Murielle--150x150.jpg\" alt=\"Murielle\" width=\"150\" height=\"150\" \/><\/p>\n\n\n<p class=\"wp-block-paragraph\"><\/p>\n","protected":false},"excerpt":{"rendered":"<p>Je suis fascin\u00e9e depuis mon plus jeune \u00e2ge par les nouveau-n\u00e9s et par tout ce qui a trait \u00e0 la maternit\u00e9. J\u2019ai choisi de devenir \u00e9ducatrice, puis de me sp\u00e9cialiser par la suite dans le domaine de la p\u00e9rinatalit\u00e9. Apr\u00e8s &hellip; <a href=\"https:\/\/muriellebressoud.ch\/?page_id=16\">Continuer la lecture <span class=\"meta-nav\">&rarr;<\/span><\/a><\/p>\n","protected":false},"author":4,"featured_media":0,"parent":0,"menu_order":0,"comment_status":"closed","ping_status":"closed","template":"","meta":{"footnotes":""},"class_list":["post-16","page","type-page","status-publish","hentry"],"_links":{"self":[{"href":"https:\/\/muriellebressoud.ch\/index.php?rest_route=\/wp\/v2\/pages\/16","targetHints":{"allow":["GET"]}}],"collection":[{"href":"https:\/\/muriellebressoud.ch\/index.php?rest_route=\/wp\/v2\/pages"}],"about":[{"href":"https:\/\/muriellebressoud.ch\/index.php?rest_route=\/wp\/v2\/types\/page"}],"author":[{"embeddable":true,"href":"https:\/\/muriellebressoud.ch\/index.php?rest_route=\/wp\/v2\/users\/4"}],"replies":[{"embeddable":true,"href":"https:\/\/muriellebressoud.ch\/index.php?rest_route=%2Fwp%2Fv2%2Fcomments&post=16"}],"version-history":[{"count":51,"href":"https:\/\/muriellebressoud.ch\/index.php?rest_route=\/wp\/v2\/pages\/16\/revisions"}],"predecessor-version":[{"id":1021,"href":"https:\/\/muriellebressoud.ch\/index.php?rest_route=\/wp\/v2\/pages\/16\/revisions\/1021"}],"wp:attachment":[{"href":"https:\/\/muriellebressoud.ch\/index.php?rest_route=%2Fwp%2Fv2%2Fmedia&parent=16"}],"curies":[{"name":"wp","href":"https:\/\/api.w.org\/{rel}","templated":true}]}}

<p>Je suis fascinée depuis mon plus jeune âge par les nouveau-nés et par tout ce qui a trait à la maternité. J’ai choisi de devenir éducatrice, puis de me spécialiser par la suite dans le domaine de la périnatalité.</p>
<p>Après avoir obtenu mon <strong>diplôme en pédagogie curative clinique </strong>à Fribourg en 1995, j’ai travaillé durant 15 ans à la Fondation « Les Buissonnets », auprès de jeunes enfants atteints de handicaps sévères. Cette riche expérience professionnelle m’a notamment permis de développer mon sens de l’observation et la communication avec des personnes ne possédant pas de langage verbal. J&rsquo;ai eu l&rsquo;occasion de collaborer avec des parents et une équipe pluridisciplinaire.</p>
<p>En 1997 et en 2000, j’ai réalisé mon plus grand rêve, celui de devenir maman. Cette période m’a confrontée à de grandes joies, mais également à de grands défis. C’est ainsi qu’a germé en moi l’idée de proposer un service de soutien aux parents, après la naissance de <span style="color: #333333;">leur nouveau-né.</span></p>
<p>Je me suis mise à offrir bénévolement du temps à des parents pour m’occuper de leur bébé et/ou de leurs frères et sœurs pendant que la maman se reposait ou sortait quelques heures.</p>
<p>En 2009, j’ai commencé à me former dans le domaine de la périnatalité en suivant différentes formations :</p>
<ul>
<li><strong>Formation à l’utilisation de l’Echelle de Brazelton</strong> auprès de l’Institut Brazelton à Genève (obtention de mon certificat en 2010).</li>
<li><strong>Formation en massage pour bébé</strong> auprès de l’Association Suisse en massage pour bébé IAIM, à Bienne (obtention de mon certificat d’instructrice en 2015).</li>
<li><strong>CAS (certificate of advanced studies) en périnatalité et petite enfance</strong> à l’Université de Lausanne (obtention de mon certificat en 2018).</li>
</ul>
<p>Mes prestations sont devenues payantes, mais il me tient à cœur que des parents avec des moyens financiers limités puissent également avoir accès à mon offre, ce qui est possible grâce au soutien de Paysage Educatif pour les cours de massage en groupe et de Pro Juventute pour les visites de soutien.</p>
<p>Cette activité indépendante, que j’exerce à côté d’un travail à 50% à L’Arche Fribourg, me remplit de joie. C’est un privilège de pouvoir rencontrer des familles si différentes les unes des autres et un émerveillement de découvrir le caractère unique de chaque bébé et du lien qui l&rsquo;unit à ses parents.</p>
<p style="text-align: justify;"><img loading="lazy" decoding="async" class="aligncenter wp-image-668 size-thumbnail" src="http://muriellebressoud.ch/wp-content/uploads/2019/12/Murielle--150x150.jpg" alt="Murielle" width="150" height="150" /></p>


<p class="wp-block-paragraph"></p>

<p>Je suis fascinée depuis mon plus jeune âge par les nouveau-nés et par tout ce qui a trait à la maternité. J’ai choisi de devenir éducatrice, puis de me spécialiser par la suite dans le domaine de la périnatalité. Après &hellip; <a href="https://muriellebressoud.ch/?page_id=16">Continuer la lecture <span class="meta-nav">&rarr;</span></a></p>
